29798651 composite?
False
Is 19691963 a prime number?
True
Is 8862277 prime?
False
Is 9665042 a prime number?
False
Is 1050167 composite?
False
Is 710801769 prime?
False
Is 1240483 composite?
False
Is 91821529 a composite number?
False
Is 1251409 composite?
False
Is 21194879 composite?
False
Is 607399 a composite number?
True
Is 430763 prime?
False
Is 32851469 a prime number?
False
Is 271819213 a composite number?
False
Is 57380837 composite?
True
Is 649741 a prime number?
False
Is 33734749 composite?
True
Is 10447 prime?
False
Is 299843 prime?
True
Is 9739347 composite?
True
Is 6930103 composite?
True
Is 13412227 composite?
True
Is 120656971 composite?
True
Is 4772533 prime?
False
Is 49689917 composite?
False
Is 128371405 a prime number?
False
Is 33975653 a composite number?
True
Is 170595098 prime?
False
Is 760353119 composite?
True
Is 717432899 composite?
False
Is 3188441 prime?
False
Is 42430253 a composite number?
False
Is 793367 a composite number?
True
Is 52511 a composite number?
False
Is 904615973 a prime number?
False
Is 105421999 prime?
True
Is 6540353 a composite number?
True
Is 519831997 composite?
False
Is 1489153 a prime number?
True
Is 2524883 a prime number?
False
Is 82738651 composite?
False
Is 20174995 a prime number?
False
Is 3826577 a composite number?
True
Is 1421818 composite?
True
Is 3477343 a prime number?
False
Is 13559297 composite?
True
Is 3409207 composite?
True
Is 1197739 a prime number?
True
Is 63407791 composite?
True
Is 9668521 a composite number?
False
Is 3073199 a prime number?
False
Is 56694437 a composite number?
True
Is 646621 a composite number?
True
Is 45300881 composite?
False
Is 60340471 a composite number?
False
Is 12258679 composite?
False
Is 318979 a prime number?
True
Is 22004111 a composite number?
False
Is 2401358 a composite number?
True
Is 3389389 composite?
True
Is 9997829 composite?
False
Is 9158879 a composite number?
True
Is 7503677 a composite number?
False
Is 89591 a prime number?
True
Is 1936621 composite?
False
Is 604119071 composite?
False
Is 2364547 a composite number?
True
Is 18596509 composite?
False
Is 231947 a composite number?
False
Is 48818863 a prime number?
False
Is 9609263 a composite number?
False
Is 4499471 prime?
False
Is 59131081 a composite number?
True
Is 3050131 a composite number?
True
Is 1646053 a composite number?
True
Is 9266333 a composite number?
False
Is 77198723 composite?
True
Is 17651497 prime?
True
Is 1965851 a prime number?
True
Is 416861321 a composite number?
True
Is 115748749 a prime number?
True
Is 717130983 composite?
True
Is 3032591 a prime number?
True
Is 1318837 a prime number?
False
Is 1981373 composite?
True
Is 19768513 a prime number?
True
Is 96684155 prime?
False
Is 287677001 prime?
True
Is 13166843 prime?
False
Is 42041179 composite?
True
Is 36950957 a prime number?
False
Is 9874087 prime?
False
Is 2513767 a prime number?
False
Is 2390539 composite?
False
Is 310027141 a prime number?
False
Is 586519 a composite number?
True
Is 24005181 composite?
True
Is 12300377 a prime number?
False
Is 49594921 a prime number?
False
Is 29722021 a composite number?
True
Is 3308117 a composite number?
True
Is 1695737 a prime number?
True
Is 458949571 a prime number?
True
Is 130583863 a composite number?
False
Is 4944781 prime?
True
Is 37401359 a composite number?
False
Is 2446247 a composite number?
False
Is 8415131 a composite number?
True
Is 4335959 a composite number?
False
Is 923897 prime?
False
Is 7878511 a prime number?
True
Is 387655207 a prime number?
False
Is 46140817 a prime number?
True
Is 2710823 composite?
False
Is 50047 prime?
True
Is 29392139 a composite number?
True
Is 39289867 a composite number?
True
Is 38371547 a prime number?
True
Is 241615351 prime?
True
Is 85641659 a composite number?
False
Is 172624217 prime?
False
Is 790574 a prime number?
False
Is 868891003 prime?
True
Is 186494533 prime?
False
Is 1167745 prime?
False
Is 60129049 composite?
False
Is 674241829 composite?
False
Is 533251657 a prime number?
True
Is 56041189 prime?
False
Is 21135853 composite?
True
Is 5392183 a composite number?
True
Is 30889039 composite?
False
Is 40601167 composite?
False
Is 560543 a composite number?
False
Is 17681 a composite number?
False
Is 477633515 prime?
False
Is 82738067 a prime number?
False
Is 225940873 a composite number?
True
Is 266771 composite?
True
Is 68823611 a composite number?
True
Is 32062651 prime?
False
Is 24364433 a composite number?
False
Is 14587637 a prime number?
True
Is 12876379 prime?
True
Is 184107611 a prime number?
True
Is 6956597 a prime number?
True
Is 32550099 composite?
True
Is 106613593 a composite number?
True
Is 102818959 a composite number?
False
Is 45463519 a prime number?
False
Is 2390329 a prime number?
True
Is 1334651 composite?
False
Is 45193163 prime?
False
Is 8131099 a composite number?
True
Is 327511 a prime number?
True
Is 6632629 composite?
True
Is 14913893 prime?
False
Is 630662299 a composite number?
True
Is 13997729 prime?
False
Is 1388827 prime?
False
Is 4063219 a prime number?
False
Is 3955571 a composite number?
True
Is 20758337 prime?
True
Is 19733627 composite?
False
Is 21052877 composite?
False
Is 8577509 composite?
True
Is 1037459 a composite number?
True
Is 2384873 a prime number?
False
Is 14917207 composite?
True
Is 3075001 composite?
True
Is 364380901 a prime number?
False
Is 8585947 composite?
True
Is 5659469 composite?
False
Is 14683534 a composite number?
True
Is 9716937 prime?
False
Is 2214137 a prime number?
True
Is 7955039 a prime number?
True
Is 171562031 prime?
True
Is 3214621 prime?
False
Is 28115939 a prime number?
True
Is 78932131 a composite number?
False
Is 106650053 composite?
True
Is 6423827 a prime number?
True
Is 167381 prime?
True
Is 277813 composite?
False
Is 3858783 a prime number?
False
Is 255796427 prime?
True
Is 54258721 prime?
False
Is 1346449913 prime?
True
Is 220351 composite?
False
Is 3785143 a prime number?
True
Is 28654321 a prime number?
False
Is 1777897 a prime number?
False
Is 2462197 prime?
True
Is 55575734 a composite number?
True
Is 2977441 prime?
True
Is 85171 composite?
True
Is 618559 prime?
True
Is 118569457 a composite number?
False
Is 101658605 a composite number?
True
Is 5329199 composite?
False
Is 1756487 a prime number?
False
Is 187874501 composite?
False
Is 14645227 prime?
False
Is 322424489 composite?
False
Is 343571 composite?
True
Is 11653417 a prime number?
True
Is 15823139 prime?
False
Is 36063893 a prime number?
True
Is 966607 a prime number?
False
Is 6764281 a prime number?
True
Is 151682827 prime?
False
Is 22395827 composite?
False
Is 27129187 composite?
False
Is 572702867 a prime number?
False
Is 9885817 a prime number?
True
Is 22722881 composite?
True
Is 194406167 composite?
False
Is 108453587 a prime number?
False
Is 653767 a prime number?
False
Is 55939067 composite?
False
Is 3483839 a prime number?
True
Is 57001903 composite?
True
Is 24215357 composite?
False
Is 182655881 prime?
False
Is 46360867 prime?
False
Is 35513647 prime?
False
Is 5553707 prime?
False
Is 7262027 a prime number?
False
Is 476103491 a composite number?
False
Is 4070303 a prime number?
True
Is 12960967 prime?
False
Is 1207461 a prime number?
False
Is 717127 a prime number?
True
Is 12171751 a composite number?
False
Is 45299731 prime?
False
Is 1486451 composite?
False
Is 3203885 prime?
False
Is 1493194 composite?
True
Is 13508959 a composite number?
True
Is 5206541 a prime number?
True
Is 114855989 a prime number?
True
Is 7304653 a prime number?
True
Is 15668097 composite?
True
Is 2158889 a prime number?
True
Is 20688433 prime?
True
Is 151636015 a composite number?
True
Is 3002667 prime?
False
Is 17945977 a composite number?
True
Is 17865203 prime?
True
Is 23281411 a prime number?
False
Is 517949 prime?
True
Is 950687 a composite number?
True
Is 255749339 a prime number?
True
Is 5997891 prime?
False
Is 10599829 composite?
True
Is 913992827 prime?
False
Is 2216111 prime?
False
Is 37068923 a composite number?
False
Is 18393157 composite?
False
Is 126265109 composite?
True
Is 21480685 composite?
True
Is 50213929 prime?
False
Is 180225527 prime?
True
Is 55460821 a prime number?
False
Is 318187 a prime number?
False
Is 66540143 a composite number?
True
Is 6834437 prime?
